 56?
False
Does 3 divide 3228?
True
Is 40 a factor of 6320?
True
Is 20 a factor of 3095?
False
Does 4 divide 37180?
True
Does 67 divide 1440?
False
Does 194 divide 16287?
False
Is 35 a factor of 630?
True
Is 1814 a multiple of 127?
False
Does 4 divide 700?
True
Is 1874 a multiple of 5?
False
Is 214 a multiple of 46?
False
Is 523 a multiple of 66?
False
Is 131 a factor of 3761?
False
Does 40 divide 2120?
True
Is 450 a multiple of 25?
True
Is 76 a multiple of 5?
False
Does 88 divide 15928?
True
Does 16 divide 42283?
False
Is 14 a factor of 434?
True
Does 38 divide 2888?
True
Does 21 divide 138?
False
Is 2940 a multiple of 32?
False
Is 3 a factor of 98?
False
Is 25194 a multiple of 114?
True
Is 44 a multiple of 10?
False
Is 57 a multiple of 19?
True
Does 7 divide 64294?
False
Does 2 divide 165?
False
Is 33 a factor of 1272?
False
Is 47285 a multiple of 35?
True
Does 31 divide 1714?
False
Does 43 divide 89692?
False
Does 46 divide 60812?
True
Is 38 a factor of 874?
True
Is 3567 a multiple of 162?
False
Is 12 a factor of 1110?
False
Does 10 divide 467?
False
Is 22 a factor of 52?
False
Does 32 divide 1136?
False
Is 10 a factor of 80820?
True
Is 8228 a multiple of 187?
True
Is 41132 a multiple of 52?
True
Is 923 a multiple of 71?
True
Is 11847 a multiple of 7?
False
Is 41560 a multiple of 20?
True
Is 91 a factor of 2275?
True
Does 155 divide 28920?
False
Is 1104 a multiple of 12?
True
Does 116 divide 42069?
False
Is 4 a factor of 624?
True
Is 93 a factor of 1302?
True
Does 99 divide 3762?
True
Is 3143 a multiple of 7?
True
Is 287 a multiple of 8?
False
Does 13 divide 3286?
False
Does 23 divide 98279?
True
Is 59 a factor of 413?
True
Does 23 divide 3187?
False
Does 29 divide 5800?
True
Is 40707 a multiple of 9?
True
Is 24 a factor of 6455?
False
Is 5138 a multiple of 14?
True
Is 1632 a multiple of 96?
True
Does 4 divide 192?
True
Does 150 divide 10559?
False
Is 612 a multiple of 204?
True
Does 35 divide 30973?
False
Does 5 divide 8330?
True
Is 12 a factor of 725?
False
Is 32 a factor of 8320?
True
Is 43368 a multiple of 13?
True
Is 2 a factor of 439?
False
Does 50 divide 21862?
False
Is 3 a factor of 97?
False
Does 77 divide 13398?
True
Does 137 divide 2192?
True
Does 18 divide 902?
False
Is 7038 a multiple of 153?
True
Is 1166 a multiple of 53?
True
Is 242 a multiple of 9?
False
Does 26 divide 6000?
False
Is 48620 a multiple of 85?
True
Is 23 a multiple of 6?
False
Is 26 a factor of 497?
False
Is 6015 a multiple of 15?
True
Does 44 divide 6486?
False
Does 91 divide 8581?
False
Is 117 a factor of 2452?
False
Is 9165 a multiple of 14?
False
Is 2314 a multiple of 26?
True
Is 35 a factor of 5541?
False
Is 11 a factor of 10780?
True
Is 16 a factor of 829?
False
Does 6 divide 5241?
False
Is 15 a factor of 135836?
False
Is 23 a factor of 29414?
False
Is 20053 a multiple of 295?
False
Does 144 divide 8064?
True
Does 3 divide 434?
False
Is 2361 a multiple of 26?
False
Is 27 a factor of 2409?
False
Is 7 a factor of 1148?
True
Is 52984 a multiple of 148?
True
Is 67 a factor of 1742?
True
Is 38 a factor of 188?
False
Does 7 divide 2663?
False
Is 122 a factor of 1734?
False
Is 83 a factor of 83?
True
Is 37 a multiple of 3?
False
Is 1083 a multiple of 6?
False
Is 13 a factor of 329?
False
Does 2 divide 31?
False
Is 80 a factor of 6969?
False
Is 14760 a multiple of 246?
True
Is 29 a factor of 2218?
False
Is 3 a factor of 202?
False
Does 72 divide 4750?
False
Is 9812 a multiple of 44?
True
Does 81 divide 972?
True
Is 1456 a multiple of 9?
False
Is 6595 a multiple of 79?
False
Is 19 a factor of 1537?
False
Is 505 a multiple of 5?
True
Is 25 a factor of 1775?
True
Does 99 divide 16563?
False
Does 62 divide 133238?
True
Is 83 a factor of 166?
True
Does 7 divide 7?
True
Does 59 divide 5605?
True
Is 14 a factor of 5482?
False
Is 46 a factor of 46?
True
Is 5548 a multiple of 125?
False
Is 18270 a multiple of 35?
True
Is 25 a factor of 449?
False
Is 1073 a multiple of 29?
True
Is 11720 a multiple of 293?
True
Is 64 a factor of 2026?
False
Is 47 a factor of 1316?
True
Is 22 a factor of 352?
True
Is 670 a multiple of 40?
False
Is 11 a factor of 14212?
True
Is 87334 a multiple of 25?
False
Is 25 a factor of 25?
True
Is 155 a multiple of 11?
False
Does 84 divide 2604?
True
Does 15 divide 990?
True
Is 7687 a multiple of 22?
False
Does 9 divide 351?
True
Does 17 divide 2134?
False
Does 12 divide 22764?
True
Is 17 a factor of 2397?
True
Is 8820 a multiple of 7?
True
Is 29020 a multiple of 89?
False
Does 62 divide 11826?
False
Is 7865 a multiple of 23?
False
Does 5 divide 5235?
True
Is 88 a factor of 1025?
False
Is 12 a factor of 1596?
True
Is 1675 a multiple of 67?
True
Does 3 divide 16?
False
Is 1309 a multiple of 11?
True
Is 4704 a multiple of 48?
True
Does 23 divide 253?
True
Is 89 a factor of 2696?
False
Does 7 divide 721?
True
Is 40 a factor of 4714?
False
Is 85 a factor of 39778?
False
Is 5244 a multiple of 38?
True
Does 52 divide 86320?
True
Is 58 a factor of 3290?
False
Is 148 a multiple of 27?
False
Is 102370 a multiple of 18?
False
Is 56 a factor of 34552?
True
Is 29 a multiple of 29?
True
Is 451 a multiple of 11?
True
Does 53 divide 1050?
False
Does 23 divide 1840?
True
Does 59 divide 1239?
True
Is 8 a factor of 23796?
False
Is 561 a multiple of 11?
True
Does 3 divide 11049?
True
Does 107 divide 642?
True
Does 28 divide 7840?
True
Does 56 divide 280?
True
Does 2 divide 1965?
False
Is 1208 a multiple of 6?
False
Is 45 a factor of 30424?
False
Is 65 a factor of 1105?
True
Does 5 divide 3905?
True
Is 4 a factor of 496?
True
Is 703 a multiple of 19?
True
Is 25524 a multiple of 71?
False
Does 3 divide 1392?
True
Does 2 divide 120?
True
Does 12 divide 30407?
False
Is 41 a factor of 450?
False
Does 25 divide 300?
True
Is 2396 a multiple of 25?
False
Does 41 divide 5133?
False
Is 68 a factor of 41317?
False
Is 195 a multiple of 5?
True
Does 74 divide 7992?
True
Is 45 a factor of 51525?
True
Does 15 divide 5626?
False
Is 29351 a multiple of 46?
False
Does 69 divide 49542?
True
Is 60 a multiple of 10?
True
Is 24 a factor of 43416?
True
Does 21 divide 588?
True
Does 17 divide 35122?
True
Does 5 divide 530?
True
Does 108 divide 12759?
False
Is 675 a multiple of 45?
True
Does 5 divide 4938?
False
Is 117 a factor of 27913?
False
Is 16 a factor of 7278?
False
Does 27 divide 80190?
True
Is 21 a factor of 14091?
True
Is 72 a factor of 2493?
False
Is 2 a factor of 65?
False
Is 15 a factor of 81?
False
Is 4413 a multiple of 7?
False
Is 529 a multiple of 26?
False
Is 1080 a multiple of 54?
True
Is 264 a multiple of 6?
True
Is 15640 a multiple of 10?
True
Is 29 a factor of 66?
False
Is 63780 a multiple of 166?
False
Is 10716 a multiple of 169?
False
Does 3 divide 431?
False
Does 22 divide 2046?
True
Is 40958 a multiple of 98?
False
Is 22 a factor of 8504?
False
Does 12 divide 6048?
True
Is 62 a factor of 21018?
True
Is 16 a factor of 5248?
True
Is 1118 a multiple of 43?
True
Does 82 divide 164?
True
Does 14 divide 1526?
True
Is 1548 a multiple of 36?
True
Is 8 a factor of 229?
False
Is 11 a factor of 429?
True
Is 86 a factor of 7966?
False
Is 21 a factor of 56049?
True
Does 5 divide 2129?
False
Does 5 divide 47275?
True
Is 129 even?
False
Does 125 divide 34506?
False
Does 65 divide 36140?
True
Is 1284 a multiple of 4?
True
Does 145 divide 78735?
True
Is 14019 a multiple of 9?
False
Is 19817 a multiple of 57?
False
Does 23 divide 1679?
True
Is 48 a factor of 2064?
True
Is 4 a factor of 128?
True
Does 13 divide 1215?
False
Is 15 a factor of 15?
True
Does 45 divide 20115?
True
Is 24 a factor of 1560?
True
Does 68 divide 16592?
True
Does 66 divide 462?
True
Does 32 divide 2958?
False
Does 14 divide 146282?
False
Is 2 a factor of 28?
True
Is 29 a factor of 271?
False
Is 1102 a multiple of 30?
False
Is 731 a multiple of 17?
True
Is 8679 a multiple of 65?
False
Is 4665 a multiple of 15?
True
Is 138 a multiple of 34?
False
Is 536 a multiple of 8?
True
Is 6 a multiple of 3?
True
Does 55 divide 16562?
False
Is 16193 a multiple of 208?
False
Does 89 divide 28892?
False
Does 8 divide 352?
True
Is 357 a multiple of 89?
False
Is 714 a multiple of 14?
True
Is 15 a factor of 2252?
False
Is 16 a factor of 5888?
True
Does 19 divide 2850?
True
Does 25 divide 1050?
True
Is 2976 a multiple of 48?
True
Is